= -11 + j. Calculate the remainder when k is divided by 26.
21
Let h = 6591 + -6573. What is the remainder when 852 is divided by h?
6
Let f be (1 + (-4 - -4))/(1/11). Suppose 16*y = f*y + 35. What is the remainder when 12 is divided by y?
5
Suppose 0 = -w + 11 + 4. Let s(x) = x**3 - 15*x**2 + x + 13. Let v = 22 - 16. What is the remainder when s(w) is divided by v?
4
Let f(v) = -v + 12. Let x be (-8 - -9)*(-2 + 1)*3. Let b be f(x). Suppose 0 = 8*s - b*s + 133. What is the remainder when s is divided by 7?
5
Suppose -555*l + 480 = -495*l. Suppose -3*j + 960 = j + 2*a, a + 1193 = 5*j. What is the remainder when j is divided by l?
7
Let i(a) = -191*a**2 + 2*a - 3. Let s be i(1). Let z = s + 209. Calculate the remainder when 25 is divided by z.
8
Let u(a) = 4*a**2 - 2*a - 72. Let m = 78 - 87. Calculate the remainder when u(m) is divided by 13.
10
Suppose 0 = 2*c + 4*w - 3180 - 940, w - 2059 = -c. Calculate the remainder when c is divided by 2.
0
Let n(b) = b**3 - 29*b**2 + 9*b + 39. Let s be n(29). Let h = 502 - s. What is the remainder when h is divided by 34?
32
Suppose 0 = -5*i - l + 165, -2*i + 30*l = 29*l - 59. Calculate the remainder when 195 is divided by i.
3
Suppose -a - 756 = -8*a. Suppose -2*r = 3*s - 5*r - a, -5*r = -2*s + 72. Suppose -126 = -45*j + s*j. Calculate the remainder when 122 is divided by j.
10
Suppose -c + y + 3 = 0, 0*c + 2*c + 5*y - 34 = 0. Let m be -4 - -1 - (-1 - c). Suppose 0 = -m*o + 424 + 111. Calculate the remainder when o is divided by 22.
19
Suppose -b + 98 = -94. Calculate the remainder when b/36*54/4 is divided by 25.
22
Let b(d) = 4*d - 59. Let n be b(16). Suppose 3*y = 5*a - 86, -4*a + n*a + 3*y - 28 = 0. What is the remainder when 188 is divided by a?
17
What is the remainder when (4/(-14 - -22))/((-2)/(-7908)) is divided by 66?
63
Let u = 96 - 62. Suppose 0 = -u*m + 24*m. Suppose -5*k + 3*i + 145 = m, 4*k = 8*k + i - 116. Calculate the remainder when k is divided by 10.
9
Suppose 585 + 81 = 9*i. Calculate the remainder when 174 is divided by i.
26
Let a = -11198 - -12372. Calculate the remainder when 1203 is divided by a.
29
Let y = -6687 - -6941. Calculate the remainder when 491 is divided by y.
237
Let g = 18114 + -6732. What is the remainder when g is divided by 33?
30
Suppose 12*w = 108*w - 6528. What is the remainder when 7003 is divided by w?
67
Let c = 8853 + -8841. Calculate the remainder when 335 is divided by c.
11
Let v = 880 + -866. Calculate the remainder when 250 is divided by v.
12
Let b = -2346 - -2365. Calculate the remainder when 50 is divided by b.
12
Let z(t) = -27 - 29 - 27 + 5*t + 98 + 2*t. Let s be (-1 - -7)/((-4)/(-2)). What is the remainder when 107 is divided by z(s)?
35
What is the remainder when (-4884)/(16/(-4))*(-32)/(-96) is divided by 6?
5
Suppose j + 4*w = 18, 15*j - 5*w = 19*j - 127. What is the remainder when 18353 is divided by j?
37
Suppose -17*c = -1699 - 48536. What is the remainder when c is divided by 58?
55
Let n = 412 + -828. Let i = 432 + n. Let q(u) = -2*u**3 - u**2 + 4*u - 2. What is the remainder when q(-4) is divided by i?
14
Suppose 42*c + 1144 = 68*c. What is the remainder when 1319 is divided by c?
43
Suppose -i - 7 = 4*u - 64, 5*i - 349 = -4*u. Suppose i = -6*t - 11. Calculate the remainder when 46 is divided by (-1 - t/(-4))/(48/(-128)).
10
Let a = 357 - 166. Calculate the remainder when a is divided by 18/(-8 - -16 - 61/8).
47
Let s = -3963 - -6176. Calculate the remainder when s is divided by 366.
17
Let p(a) = a**3 - 9*a**2 + 17*a + 21. Calculate the remainder when 239 is divided by p(6).
14
Let z(b) = b**2 - 127*b + 2243. What is the remainder when 1151 is divided by z(21)?
12
Suppose -6*z + 5*i = -1746, 3*z - 2*z = -5*i + 326. Calculate the remainder when z is divided by 9.
8
Let w = -43 + 48. Let u = w + 7. Let n = 18 + u. What is the remainder when n is divided by 17?
13
Let j be (0 + 2)/1 + 26. Suppose j + 140 = 8*b. What is the remainder when b is divided by 8?
5
Let j = 651 - 618. Let b(i) = i**3 + 22*i**2 - 15*i - 36. Calculate the remainder when b(-22) is divided by j.
30
Suppose 3*f - 114 - 183 = 0. Suppose 16*n = -f + 275. What is the remainder when 40 is divided by n?
7
Suppose 1274*i + 11400 = 1331*i. What is the remainder when i is divided by 93?
14
Let u = 9180 + -8913. Calculate the remainder when u is divided by 25.
17
Suppose -3*z = -12, 0 = -2*n - 5*z + 2*z + 60. What is the remainder when 167 is divided by (26/4 - 2)*320/n?
47
Let w(b) = b**2 + 6*b + 18. Let i(p) = p + 1. Let k(d) = -5*i(d) + w(d). Suppose 7*x - 23 = 215. What is the remainder when x is divided by k(0)?
8
Let a be 6908/99 - (-4)/18. Suppose 4*n + n + 5*j = -a, -3*n - 48 = 5*j. Calculate the remainder when 30/165 + (-823)/n is divided by 19.
18
Suppose -2*z + 29 = 3*z - 4*r - 6, 0 = -3*r. Calculate the remainder when 15553 is divided by z.
6
Suppose 2*n = 3*x + 2*x - 64893, 7*n - 25926 = -2*x. Calculate the remainder when x is divided by 118.
115
Suppose -3*i + 5*i + 164 = -5*b, -164 = 2*i + b. Let s = i + 158. What is the remainder when s is divided by 40?
36
Let z be 2/(-13) - (-3930)/195. Suppose -z*y = -19*y - 5. What is the remainder when 86 is divided by y?
1
Let t be ((-10)/4)/((-2)/4). Suppose 5*u - 195 = -t*c - 0*c, c + 5*u = 43. What is the remainder when 74 is divided by c?
36
Suppose 198 = 5*n + n. Suppose -6*r = n - 57. What is the remainder when 65 is divided by r?
1
Suppose n + 4*y - 52 = 0, -27*n - 4*y = -22*n - 196. Suppose -5*b - 2*o = -1428, 5*b + 5*o + 0*o - 1425 = 0. Calculate the remainder when b is divided by n.
34
Let x = 193 + -297. Let c = x - -401. What is the remainder when c is divided by 50?
47
Let u(f) = f**3 - 20*f**2 + 45*f - 330. Calculate the remainder when 337 is divided by u(19).
9
What is the remainder when 14 + (-120)/8 + (257 - -3) is divided by 100?
59
Let w(f) = f**3 - 18*f**2 + 13*f + 202. Calculate the remainder when w(19) is divided by 28.
26
Suppose 4*p + 28 = -3*p. Calculate the remainder when 45 is divided by p/((-12)/21) + 5.
9
Let g(p) = -p**3 - 19*p**2 - 31*p + 297. Calculate the remainder when 268 is divided by g(-17).
22
Suppose 10 = -5*b, -5*b - 13 - 3 = -z. Let s be z/15*5 + -2. Suppose -2*n - 82 = -4*k, s*k + k - n - 21 = 0. What is the remainder when 99 is divided by k?
19
Let u = 6308 - 6139. Calculate the remainder when u is divided by 110.
59
Suppose 3*b = 6*t - t, 10 = 5*t - b. Suppose t*q - 1383 - 6 = 0. Let p = -302 + q. What is the remainder when p is divided by 33?
29
Let z(r) = 2*r**2 + 2*r - 4. Let s be z(-2). Suppose s = 3*d - 14*d + 297. Suppose 0 = 5*v - 33 - d. What is the remainder when 18 is divided by v?
6
Suppose 762 - 742 = 4*o, 0 = -5*t + 2*o + 35. Let r be (6/(-4)*-4)/2. Suppose 3*c - 6*g - 14 = -g, 4*g = r*c - 13. What is the remainder when t is divided by c?
0
Let z(m) be the first derivative of -m**3/3 + 4*m**2 + 16. Suppose -130 = -36*y + 31*y. What is the remainder when y is divided by z(4)?
10
Suppose 0 = -14315*h + 14329*h - 140. Calculate the remainder when 324 is divided by h.
4
What is the remainder when 2200 is divided by (-4 + (-255)/(-75))*-35?
16
Suppose 0 = 3*h - 3 + 15, -2*h = -3*r + 302. Let v = -50 + r. What is the remainder when v is divided by ((-181)/362)/((2/104)/(-1))?
22
Let f(z) = -z**3 - 10*z**2 - 3*z - 20. Let x be f(-11). Let y = 139 - x. What is the remainder when 44 is divided by y?
4
Suppose 4*q + 0*q = -4*i + 36, q - 4*i + 11 = 0. Suppose 5*s + 25 = 0, -40 - 79 = -3*h - q*s. What is the remainder when h is divided by 13?
9
Suppose 2*m + 4 = 2*b + 4*m, 5*b - 40 = 5*m. Suppose -b*o + 10*k + 72 = 11*k, -2*k = -2*o + 36. Calculate the remainder when 206 is divided by o.
11
Suppose -9*m + 9*m - i + 13 = 0, 5*i + 1675 = 5*m. Let z = -26 - -58. Calculate the remainder when m is divided by z.
28
Suppose 0 = -3*m + 24, -3*m + 219 = 5*x + 60. What is the remainder when 3125 is divided by x?
20
Let f(r) be the first derivative of 39*r**2/2 - 32*r - 36. What is the remainder when 52 is divided by f(1)?
3
Suppose -49*a = -229*a + 4140. Calculate the remainder when 407 is divided by a.
16
Suppose 10*s - 12*s = -4*y - 230, 5*s = -4*y + 617. What is the remainder when 448 is divided by s?
85
Suppose -3*n + 34 + 293 = 0. Suppose 272 = 29*w - 18. Calculate the remainder 